k be 8/y + 1/j. Give p(k).
1
Let g(z) = -z**3 + 6*z**2 + z + 1. Let w be g(6). Let m(v) = -3 + 9*v - 4 + 6 - 9*v + v. Give m(w).
6
Let m(a) = a**3 - 7*a**2 + 8*a + 6. Let v(t) = -2*t + 60. Let l be v(27). Calculate m(l).
18
Let r(v) = 16 + 51*v + 1 + 4. Let o(g) = 5*g + 2. Let t(w) = 21*o(w) - 2*r(w). Let y = 42 - 46. Give t(y).
-12
Let k(n) = -n - 7. Suppose 4*x = -3 - 21. What is k(x)?
-1
Let o(q) = 13*q**2 - 17*q - 13. Let j(n) = 7*n**2 - 9*n - 7. Let i(l) = 11*j(l) - 6*o(l). Suppose f - 7 = -0*f. Suppose 0 = 3*x - f - 5. Give i(x).
-3
Let a(f) = 4 - 251*f + f**2 + 13 + 250*f. Give a(0).
17
Let h(y) = 7*y**3 + 7*y**2 - 8*y + 11. Let d(z) = 3*z**3 + 3*z**2 - 4*z + 5. Suppose 0 = -3*f - 3 + 9. Let j(t) = f*h(t) - 5*d(t). Determine j(2).
-7
Let d(l) = l**2 + 4*l + 3. Suppose -10 = 3*x + 5. Give d(x).
8
Suppose 1 + 2 = g. Let t(o) = o**2 + 0*o**g - o**2 - 2*o**2 - o**3 + 1. Calculate t(-2).
1
Let i(x) = x - 1. Let c be i(4). Let l(u) = u**3 + 2 + 4*u - 2*u**2 - c*u + 1 - 2*u**2. Suppose 2*d - 20 = -3*d. What is l(d)?
7
Let l(k) = -k - 5. Let a(s) = 8*s**3 - 5*s**2 - 7. Let f(o) = 4*o**3 - 2*o**2 - 3. Let p(m) = 2*a(m) - 5*f(m). Let r be p(1). Give l(r).
-2
Let o(y) = -y**2 - 1. Suppose -12 = 3*f + n + n, -4*n = 4*f + 20. Calculate o(f).
-5
Let f be -15*(2 + -1) + 0. Suppose -m = m - v + 19, 32 = -3*m + 5*v. Let s be (f/m)/((-1)/3). Let i(y) = -y**2 - 4*y + 5. Give i(s).
0
Let l be (4/(-6))/((-4)/18). Let z(q) = q + 3*q**2 + l*q + 1 - 4*q**2. Let h(t) = -t**2 - 4*t. Let g be h(-3). Calculate z(g).
4
Let q(b) = -b + 6. Let d be q(6). Suppose 32 = 3*g - 4*t, 0*g + 3*g + t - 7 = d. Let i be 8/(-6)*(-1 + g). Let r(u) = -u + 4. Give r(i).
8
Let p(v) = -4*v**3 - 20*v**2 - 3*v + 3. Let m(l) = -l**3 - 5*l**2 - l + 1. Let f(h) = 9*m(h) - 2*p(h). Suppose -9 = 4*o + 3. Give f(o).
-6
Let t(o) = -14*o + 3. Let k(n) = 5*n - 1. Let a(x) = 11*k(x) + 4*t(x). Give a(-5).
6
Let s(c) = -c**3 - 13*c**2 + 13*c - 10. Let x be s(-14). Let h(v) = -v. Calculate h(x).
-4
Let d(u) = 5*u**3 - u - 3. Let p(z) = 4*z**3 - z - 2. Let r(h) = -2*d(h) + 3*p(h). Calculate r(1).
1
Suppose -2*a + 6*a = -4*m + 16, -3*m + 10 = a. Let h(k) = -k**2 - k + 3. Give h(m).
-9
Suppose 0 = 4*r + 6 - 22. Let z(f) = -14*f**2 + 4*f - 20. Let a(u) = -5*u**2 + u - 7. Let o(x) = r*z(x) - 11*a(x). Give o(3).
3
Let n(r) be the third derivative of r**6/12 + r**4/24 - r**3/6 - 6*r**2. Give n(1).
10
Let j(q) = -q**2 + 2*q - 4. Let p be j(3). Let u = p - -2. Let k(l) = -l**2 - 5*l - 5. Calculate k(u).
-5
Let a(n) = n**3 + 4*n**2 - n + 3. Let f(u) be the third derivative of -u**5/60 - u**4/12 + 2*u**3/3 - u**2. Let i = 4 + -8. Let l be f(i). What is a(l)?
7
Suppose -z + 1 = -6. Let s(n) = n**2 - 9*n + 8. What is s(z)?
-6
Let c(p) be the third derivative of 7*p**4/24 - p**3/3 + 18*p**2. Give c(-2).
-16
Let q(f) = 9*f**3 - f**2 - f + 1. Suppose 0*u = -u. Suppose u*x + 3*x - 12 = 0. Suppose 1 = -x*n + 5. Determine q(n).
8
Let a(i) = 0*i**2 - 2*i**2 + 5*i + i**2 + 1. What is a(6)?
-5
Let c(l) = 8 - 5*l + 6*l + 0*l. Give c(7).
15
Suppose 0 = -2*c + 4*c - 5*m + 4, 0 = 3*c - 5*m + 6. Let p(q) = -q**2 - q - 2. Calculate p(c).
-4
Let w = -6 - -2. Let u(g) be the first derivative of g**4/12 - g**2/2 + 3. Let r(y) be the second derivative of u(y). What is r(w)?
-8
Suppose -2*b + 4*b + 16 = 5*t, -28 = -4*b - 5*t. Let v(r) = r**2 - r - 3. Let g be v(-4). Suppose 5*f = -3*m + g, f + b*f = 5*m - 17. Let q(d) = -d. Give q(m).
-4
Let t(x) = 4*x + 1. Let i(m) = m**2 + 5*m - 10. Let j be i(-6). Let s = j - -3. What is t(s)?
-3
Let h be (-10)/50 + 29/120. Let b(o) be the third derivative of -2*o**2 + 0*o**3 - 1/120*o**6 + 0*o + h*o**4 + 0 + 0*o**5. Calculate b(-2).
6
Let u be (-12)/(-7) - (-2)/7. Let t(s) = s**3 - 6*s + s - 3*s**u + s + 3 + s. Determine t(3).
-6
Let q(j) be the second derivative of j**4/12 - j**3 - 3*j**2/2 + 2*j. What is q(6)?
-3
Let z(j) = j**3 - 3*j**2 - 7*j + 5. Let l = 0 - -4. Suppose 3*v = l + 8. What is z(v)?
-7
Let a(c) = -2530*c**3 + 1 + 3*c + 2528*c**3 - 3. Determine a(2).
-12
Let x(p) be the third derivative of -p**5/60 - 5*p**4/24 - p**3/2 - 3*p**2. Suppose -12 = -0*q + 3*q. Give x(q).
1
Let q(g) = g**3 + 5*g**2 + 6. Suppose -5*w = -t, 2*t + 6*w = 2*w - 14. What is q(t)?
6
Let w(d) = d**2 + d. Let s(c) = -7*c**2 - 6*c - 2. Let t(r) = -s(r) - 6*w(r). Give t(-3).
11
Let s(t) = -t**2 + 8*t - 8. Let b be s(6). Suppose -6 = -j - i, -b*j + 3*i - 8 = -2*j. Let f(l) = -3*l + 3. Determine f(j).
-3
Let z(d) = -1 + 3*d**2 + d**2 + 2*d + 0*d**2. Suppose -5*r + 20 = 0, 5*r = 2*p + 2*p + 16. Give z(p).
5
Suppose 10 = f + 3*o, -4*o + 25 = -2*f - o. Let k(u) = -u**2 - 7*u - 7. Give k(f).
3
Let h(w) be the third derivative of w**5/60 + w**3/6 - 17*w**2. What is h(3)?
10
Suppose -2*q + q - 2 = 0. Suppose f + 0 = -4*u + 8, -4*u - 5*f + 8 = 0. Let z(h) = 3*h**u + 4 + 4*h**3 - 6 - 3*h**3. Calculate z(q).
2
Suppose -12 = -2*h + q + 2*q, 2*h = -q + 12. Let r(s) = s**3 - 7*s**2 + 4*s + 7. Determine r(h).
-5
Let z(w) be the second derivative of w**3/6 + 18*w. Give z(0).
0
Let w be 1/5 - (-28)/10. Let n = 2 + w. Let a(q) = 4*q + 0 + 3 + q - q**2. Give a(n).
3
Let v(i) = i**3 + i**2 + i - 5. Suppose -2*j = f - 6*j - 18, -24 = -5*f - 2*j. Suppose 4*n - 3*m - 21 = -f, -3*m = 3*n + 15. Give v(n).
-5
Let c(v) = 10 + v**2 - 5 + 6*v - 2*v**2. Determine c(5).
10
Suppose -2*c + 0*c = -6. Suppose -5*h = 3*p + 9, c = 2*h + p + 7. Let x(m) = -1 - 2 + m + 2. Calculate x(h).
-4
Let l(m) = 13*m**3 - 8 + 12*m**2 + 13*m + 18 - 12*m**3. Give l(-11).
-12
Let q(a) = 11*a - 23. Let t(v) = -4*v + 8. Let b(i) = -6*q(i) - 17*t(i). Let h(p) = -6*p - 6. Let l(g) = -10*b(g) - 3*h(g). Determine l(-2).
2
Let m(h) = h**3 - 5*h**2 - 2*h + 5. Let t = -3 + 8. Let n be m(t). Let c(j) = -2*j - 3*j + 2*j - 7. Give c(n).
8
Suppose 5*l - 3*l + 2 = 0. Let u be l*(-3*1)/1. Let h(m) = 2*m**2 - 4*m + 2. Calculate h(u).
8
Let c(a) be the first derivative of -a**4/12 + 2*a**3/3 + a**2 + 3. Let p(n) be the second derivative of c(n). Suppose 10 = g + g. Determine p(g).
-6
Let o be (66/10 + -6)/((-1)/(-10)). Let i(n) = n - 6. Calculate i(o).
0
Let n(f) = -f**3 + 7*f**2 - 8*f + 8. Suppose -5*s + 12 = -2*x, s - 2*s - 3 = 5*x. Suppose m + s = 5. Suppose -24 = -7*l + m*l. Give n(l).
-4
Suppose 2*z - 3 = 5*a, a + 21 = 4*z + 6*a. Let u(g) = -g**3 + 10*g**2 - 2*g. Let j(b) = -b**3 + 11*b**2 - 2*b - 1. Let f(v) = -6*j(v) + 7*u(v). What is f(z)?
-2
Let u(m) = 2*m + 1. Let j(s) = 7*s + 3. Let q(i) = j(i) - 6*u(i). Calculate q(3).
-18
Let h(m) = -m**3 + m. Let a(f) = 7*f**2 - 10*f + 7. Let v(g) = -a(g) - h(g). Determine v(6).
11
Let d(g) = 9*g**3 + g**2 + 38*g - 7. Let u(k) = 5*k**3 + k**2 + 20*k - 4. Let t(v) = 6*d(v) - 11*u(v). What is t(-6)?
-10
Let b(h) = -2*h + 4. Let y be 3 - 5 - (-9 - 0). Suppose 5*j + y = 27. Calculate b(j).
-4
Let z(j) = -j + 6. Suppose 3*v + 58 + 50 = 0. Let y be v/(-20) + (-1)/(-5). Suppose -4*d - 24 = -2*c - 0, -y*c - 2*d = 0. Give z(c).
2
Suppose -2*o + 1 - 3 = 0. Let q(h) = 4*h**2 + 1. Let f = 15 + -13. Let m(p) = p**3 + p**2 - p + 1. Let w(s) = f*m(s) + o*q(s). Calculate w(2).
5
Let v(u) = 3*u - 4*u + 0*u**2 + u**2 + 1 - 3*u. Determine v(3).
-2
Let v(k) = -k**2 - 6*k - 6. Let l(u) = u**3 - 4*u**2 - 5*u + 2. Let p be l(5). Suppose 4*o = p*o. Suppose o = n - 4*n - 15. What is v(n)?
-1
Let f = -27/2 - -14. Let o(c) be the first derivative of -3 + 2*c + f*c**2. Calculate o(-4).
-2
Let u(r) be the second derivative of r**5/20 + r**4/4 - 2*r**3/3 - 5*r. Determine u(-4).
0
Let a(q) = -2*q**2. Suppose -g + 1 = 3, 0 = -x + g. What is a(x)?
-8
Let w(s) be the second derivative of s**5/20 - s**4/4 + s**3/3 - 3*s**2/2 + s. Let p be (-11)/(-4) - (-1)/4. Give w(p).
3
Let d(x) = -x**3 + x - 1. Let c = 16 - 13. Suppose -w = c - 1. What is d(w)?
5
Let w(r) = -r**2 - r + 3. Let v(x) = 1 - 4*x**2 - 2 + 3*x**2 + 2. Let n(z) = -3*v(z) + w(z). What is n(-1)?
3
Let a(l) = l**3 - l**2 + l. Let d(m) = -6*m**2 + 5*m - 3. Let z(u) = a(u) + d(u). Let v = 0 + 0. Suppose 3*g + 0*g - 18 = v. What is z(g)?
-3
Let f be 4/(-6)*3 - 1. Let u(n) = 2*n**3 - 4*n**2 - 4*n - 1. Let s(x) = -3*x**3 + 4*x**2 + 4*x + 1. Let c(v) = 3*s(v) + 4*u(v). What is c(f)?
2
Let g(q) = -q**3 - 5*q**2 + q - 1. Let v(d) = -3*d**3 - 10*d**2 + d - 3. Let z(b) = -5*g(b) + 2*v(b). Calculate z(4).
3
Let r(u